er?
False
Let m(j) = j**2 - 3*j - 13. Let a be m(6). Suppose -b + 84398 = -4*x - 3*b, -105500 = a*x + 5*b. Is (14/(-6))/(13/x) prime?
False
Let h be (-12)/15*-5 + 2 + 0. Is (-7)/((-63)/378750) - 2/h prime?
True
Suppose -10*b = -83 + 3. Is (-1068 - b)/((-8)/10) a composite number?
True
Let r = 3422 + 5314. Let d = r - 1623. Is d a prime number?
False
Let v = -38 - -44. Suppose -2*p = 3*z - 7*p + 4, 2*p - v = -z. Is 204 - (z - -1 - 2) a composite number?
True
Let j(z) = 266*z**2 - 4*z. Let s be j(6). Suppose -3285 = -3*m + s. Is m composite?
True
Let o(l) = -138*l**3 + 22*l**2 - 18*l - 1079. Is o(-19) composite?
False
Suppose 22*r = -19*r + 574. Suppose -r*x + 12371 = -10547. Is x a prime number?
True
Let r(m) = 51*m + 283979. Is r(0) a composite number?
False
Let h(i) = 17538*i + 935. Is h(7) composite?
False
Let u = 308585 + -197268. Is u prime?
True
Let l(u) = 318*u + 79. Suppose 20 = 4*d - 2*z, 0*z + 14 = 2*d + z. Is l(d) a composite number?
False
Suppose -175638 = 7*b + 90773 - 997302. Is b prime?
False
Let z = 13405 + -6457. Suppose -2*c + 10410 = -3*g - 0*c, 0 = -2*g + 4*c - z. Let d = -2077 - g. Is d prime?
False
Let a = -12118 + 156449. Is a prime?
False
Suppose 2 = 13*i - 63. Suppose -2*m + 3*q = -3197, -5*q + 6*q = i*m - 7973. Is m a prime number?
False
Suppose 2*q + q + 15 = 3*z, 2*z - 10 = 5*q. Suppose 4*w - 16 = 0, -z*w + 2*w = 5*r - 2597. Is r composite?
True
Suppose 2*m = -c + 1880044, 39*c + 1880056 = 2*m + 42*c. Is m a composite number?
False
Let b(d) = -28*d + 2*d**3 + 4*d + 20*d**2 - 5*d**3 - 1 - 4*d**3. Is b(-10) prime?
True
Let d(l) = 5*l**2 + 92*l + 41. Is d(-46) a prime number?
True
Suppose 2*k - 4790 = 3*i, 4*i + 3686 = 4*k - 5894. Let d = k + -1421. Is d a composite number?
True
Let y(b) = 75*b**3 + 5*b**2 - 3*b. Let m be y(2). Suppose -2*w + 12584 = -m. Is w prime?
True
Let m(x) = -5*x + 6. Let v be ((-2)/8 + 1)*(0 + 4). Let h be m(v). Let s(l) = l**3 + 13*l**2 + 13*l + 2. Is s(h) prime?
False
Let s(w) = 522*w + 81. Let b be s(-17). Is -7*(-10)/175 + b/(-5) prime?
True
Let q = 7015 + 6681. Let r be (72/(-4) + 12)*-2. Is q/r - (-5)/(-15) a prime number?
False
Let z be (-8 + 7)/(2/(-2158)). Suppose 3*k - z = -5*w, 3*w = 12*k - 11*k - 355. Is k a prime number?
False
Let y = -40380 + 121465. Is y prime?
False
Let z be 0/18*3/9. Is (-24632 + z)/2*(-145)/116 prime?
False
Let w be ((-27102)/4)/((-39)/416). Let t = w - 158429. Is 2/(-17) + t/(-153) a composite number?
False
Let u = 563 - 275. Suppose -3*m - u = -4*a + 18, a + 2*m = 71. Suppose -5*f + 975 = -5*q, 4*f = 5*q + 709 + a. Is f a prime number?
True
Suppose 8993 = z - p - 96, -4*p = 2*z - 18184. Suppose 0 = -2*g + d + z, 3*g - 7*d = -2*d + 13621. Is g a prime number?
True
Let w = 42 - 33. Suppose 0 = 2*q + 3*q + 5*n + 10, -25 = -5*q + 2*n. Suppose -q*m - 294 = -w*m. Is m a prime number?
False
Let d(u) = 2*u**2 + 17*u + 25. Let q be d(-7). Suppose 3310 = -q*o + 5*o. Suppose -12*l - o = -14*l. Is l a composite number?
True
Let n be (-13754)/(-3) - -5 - (-1)/3. Suppose 8*k - n = 2*k. Let x = k + -434. Is x composite?
False
Let k(z) = 16 + 6*z + 1 + 52*z**2 + z. Suppose 14*b - 154 = -56. Is k(b) prime?
False
Let t(k) = -k**3 + 8*k**2 - 4*k - 6. Let r be t(7). Suppose r*p - 17*p = -30802. Is p a composite number?
False
Let h(f) = 2*f + 5*f - 26 + 5*f**2 + 23. Let v be h(-7). Suppose -5*n = -4*u + v, u + 0*n - 43 = -4*n. Is u composite?
False
Is -146573*(1 - (1/(-6) + (-26)/(-12))) composite?
True
Suppose -64*l - 144*l = -37621168. Is l a prime number?
True
Suppose 4*i + 9583 = l + 8*i, -l = -3*i - 9625. Is l prime?
False
Suppose 0 = 3*z - 21, 42*k + 2*z - 1154243 = 39*k. Is k a composite number?
True
Suppose 17*p = 11*p. Suppose -4*g = -5*m - 3*g + 161169, 2*m + 4*g - 64450 = p. Is m a composite number?
False
Let i be 65 - 60 - (-1 + -87006). Suppose 14*v + i = 32*v. Is v composite?
True
Suppose 0 = -16*z + 7520 + 33584. Suppose -74*a + 75*a - z = 0. Is a a composite number?
True
Suppose -3 = 3*d, -b + 12*d + 215266 = 9*d. Is b prime?
False
Is (204944/24)/(2/9)*(-2)/(-6) composite?
False
Let t be -1202*(2 + -1 + -2). Let g(k) = 2*k**2 + 13*k + 426. Let p be g(-17). Let o = t - p. Is o composite?
False
Suppose 11*z + 2*z - 26 = 0. Suppose z*g - 10698 = -5*s, 6*s - 2122 = 5*s + 4*g. Is s a prime number?
False
Suppose -28*h + 75542 = -5*h - 79961. Is h composite?
False
Let z = 9762 - 2263. Is z a prime number?
True
Suppose x - 1 = q, -2*x + 23 = 5*q - 7. Let p be -3 + (3 - (0 + q)). Is ((-552)/(-20))/(p/(-10)) a composite number?
True
Suppose 54*a - 3985895 - 6473527 = 0. Is a a composite number?
True
Let c(n) = 21*n**2 - 6*n + 19. Let j(a) = a**2 - 12. Let t(b) = 2*b**2 - 23. Let r(g) = -7*j(g) + 4*t(g). Let s be r(4). Is c(s) prime?
False
Is ((-787602)/12)/((-7)/14) composite?
False
Suppose -2*u + 6*u = 0. Suppose 714 + 429 = d + 2*c, 2*d - 4*c - 2270 = u. Is d prime?
False
Let r(t) be the third derivative of t**6/10 + t**5/20 - t**4/6 - 8*t**3/3 + 22*t**2. Let o be r(-8). Is o/(-70) - (-2)/((-10)/(-1)) a composite number?
True
Suppose 2*w - 13*w + 38918 = 0. Let p = 6323 - w. Is p prime?
False
Let n = -1046 + 1838. Suppose -4*x - 5*z - 460 = 0, 460 = -4*x - 2*z - 2*z. Let j = x + n. Is j composite?
False
Let u = 176680 + 111999. Is u a prime number?
True
Let o(m) be the first derivative of 8 + 90*m - 42*m**2 - 89*m + 2. Is o(-3) composite?
True
Let t be 1 + 1 + 8/28*7. Suppose -4*j = -t*l + 286268, 0 = -l - 6*j + 9*j + 71575. Is l prime?
True
Is (1 - (-7)/105*5)*(-1300011)/(-4) a prime number?
True
Let d be 287/(-41) + (2262 - 1). Suppose -5*k - 7493 + d = -2*a, -a = -3*k - 2620. Is a prime?
True
Let v(w) = 2. Let m(h) = -12*h - 26. Let n(k) = -m(k) + 4*v(k). Is n(6) composite?
True
Let c be (-96483)/(-12) - (-7)/(-168)*6. Suppose 9*s = 6369 + c. Is s prime?
True
Let c be -4433 + (0 - -8) - (1 - -4). Let q = 10977 + c. Is q composite?
False
Is (-7 - -8) + (3 - 644637/(-3)) a composite number?
False
Suppose -5*u = 5*t - 3669980, 22*t + 2935991 = 26*t + 3*u. Is t composite?
False
Let c be (0 - -6 - 0) + -4. Suppose 12*t - c*t = 16570. Is t prime?
True
Let z = -3373 + 7484. Is z a composite number?
False
Suppose 18*g - 10*g - 40 = 0. Suppose 0 = -g*b - 1 + 6, 4*v + 4*b - 8400 = 0. Is v prime?
True
Suppose 11*i = -5 + 27. Suppose 5*n = -l + 36933, l - 14766 = -i*n - 3*l. Is n a prime number?
False
Let x(n) = 525*n**2 - 17*n - 49. Let g be (72/(-30)*(-10)/4)/(-2). Is x(g) composite?
True
Suppose -5*o + 3096 = 4*o. Let a be o/(-44) + (18/(-33))/3. Is a/44 + (-6758)/(-22) composite?
False
Is 1/(6/87524)*(-126)/3696*-44 composite?
False
Suppose 0*q = -2*q + 2*z + 48506, -48505 = -2*q + z. Let t = q + -10255. Is t composite?
False
Let d = 389809 - 214838. Is d a prime number?
False
Let o(w) = w**3 + 57*w**2 - 88*w + 293. Is o(-42) composite?
False
Let i(u) = 92*u**2 + 136*u + 17. Is i(40) composite?
False
Let r(l) = 16*l + 2638. Let f be r(0). Let v = f - -14173. Is v a prime number?
True
Suppose -6*w = -683 + 605. Let x(r) = 15*r**2 + 29*r - 15. Is x(w) composite?
False
Suppose 2*f + 54 = -48. Let o be (3 - -1)/((-34)/f). Let h(r) = 9*r**2 + 6*r + 13. Is h(o) a prime number?
True
Suppose 2*u - 7*u + 25 = 0. Suppose 11 = 2*x + 3*t, -u*x + 3*x = t - 13. Suppose q = -x*q + 22216. Is q a prime number?
True
Let y(k) = 260*k**2 + 393*k + 245. Is y(52) a composite number?
False
Suppose 187207 = 86*b - 1076907. Is b composite?
False
Let u(r) = r**3 - 71*r**2 - 127*r + 1916. Is u(147) prime?
False
Let l = -6037 - -11485. Suppose -3*u - 27584 = -4*w, 2*w + 4*u - 8366 - l = 0. Is w prime?
True
Suppose 33*d - 6931987 = -10*d. Suppose -54*j - d = -963163. Is j prime?
True
Let f(j) be the first derivative of 47*j**2/2 + 13*j + 61. Is f(6) a composite number?
True
Let n(o) = 111*o + 1. Let z = -9 + 15. Let u = 8 - z. Is n(u) a prime number?
True
Suppose -2*u - 2*q = -134822, u - 88441 = -3*q - 21014. Is u a composite number?
True
Suppose -2*h + 31*n - 35*n + 3897196 = 0, 7794368 = 4*h + 4*n. Is h a prime number?
False
Is -10 + (-10 + -5 - -283962) a prime number?
True
Let z(h) = 269*h - 4360. Is z(31) prime?
False
Let j = -133 - -134. Is (j/((-12)/(-8)))/(2/11073) a prime number?
True
Suppose 5*u = -52 - 128. Let n be (-24)/10 - u/(-60). Is 188 - n/(1 + 0) a prime number?
True
Let m be (448